34*v - 4680. Determine n(-54).
72
Let p(r) = -84*r - 4515. Determine p(-54).
21
Let j(p) = 12*p**2 - 452*p + 674. Determine j(36).
-46
Let t(m) = m**3 - 45*m**2 + 46*m - 94. Give t(44).
-6
Let t(z) = 2*z**3 - 128*z**2 - 125*z - 52. Determine t(65).
273
Let k(w) = -w**3 + 67*w**2 - 110*w - 254. Give k(3).
-8
Let x(r) = -12*r**3 + 2*r**2 - 7*r - 8. What is x(-1)?
13
Let r(w) = 750*w + 32244. Determine r(-43).
-6
Let d(r) = -50*r + 8596. Determine d(172).
-4
Let j(g) = -2*g**3 - 51*g**2 - 25*g + 55. Determine j(-25).
55
Let x(t) = 2*t**2 - 24*t + 77. Give x(3).
23
Let r(m) = 3962*m + 15877. Give r(-4).
29
Let n(w) = w**3 + 6*w**2 + 275*w + 2321. Calculate n(-8).
-7
Let t(c) = 2*c**3 - 29*c**2 + 39*c + 152. Determine t(13).
152
Let r(a) = a**2 - 20*a + 51. Calculate r(18).
15
Let o(u) = 3*u**2 + 2745*u + 58943. Determine o(-22).
5
Let j(o) = 3*o**2 - 61*o + 241. What is j(6)?
-17
Let n(f) = -1452*f - 26149. What is n(-18)?
-13
Let n(w) = w**2 + 66*w - 438. Determine n(6).
-6
Let f(z) = 17*z + 125. Give f(2).
159
Let f(c) = -4*c**3 + c**2 + 3*c - 109. Give f(0).
-109
Let l(w) = -w**2 - 15*w - 10. Determine l(-1).
4
Let j(d) = -d**2 + 132*d - 3392. Determine j(97).
3
Let l(r) = -3*r**2 - 124*r + 82. Calculate l(-42).
-2
Let j(n) = 2*n**2 - 77*n + 143. Determine j(37).
32
Let w(f) = 4*f**2 + 116*f + 205. Determine w(-27).
-11
Let p(n) = 27*n - 231. Calculate p(7).
-42
Let u(d) = -81*d - 1546. Give u(-16).
-250
Let l(k) = k**2 - 22*k + 7. Give l(9).
-110
Let w(d) = -2*d**3 + 204*d**2 + 839*d - 41. Calculate w(-4).
-5
Let x(q) = -q**3 + 35*q**2 + 23*q + 1943. What is x(37)?
56
Let w(s) = -s + 44. Calculate w(16).
28
Let n(a) = -a**2 + 24*a + 32. Calculate n(23).
55
Let o(g) = 1100*g**2 + 4400*g - 1. What is o(-4)?
-1
Let u(t) = t**3 - 15*t**2 - 55*t - 133. Give u(18).
-151
Let m(v) = -40*v + 637. Give m(16).
-3
Let l(r) = -8*r**3 - 41*r**2 - 22*r - 110. Calculate l(-7).
779
Let r(s) = s**3 - 6*s**2 + 10*s + 6. Give r(6).
66
Let a(w) = -w**3 - 134*w**2 + w + 6. Determine a(0).
6
Let h(q) = -501*q - 30090. Determine h(-60).
-30
Let f(y) = 23*y**2 - 3*y - 55. Determine f(3).
143
Let h(t) = 2*t**3 - 11*t**2 + 5*t + 6. Give h(5).
6
Let u(i) = i**3 - 8*i**2 + 23*i - 79. Give u(6).
-13
Let l(g) = 189*g + 1871. Give l(-10).
-19
Let s(y) = 12*y**3 + 239*y**2 - 18*y + 37. Calculate s(-20).
-3
Let c(n) = -872*n - 28780. What is c(-33)?
-4
Let u(s) = -2*s**3 + 127*s**2 - 71*s + 505. What is u(63)?
1
Let d(z) = -20*z**2 + 13*z + 12. Determine d(-1).
-21
Let h(t) = -t**2 + 817*t - 6432. Give h(8).
40
Let f(b) = -4*b**3 - 128*b**2 + 25*b + 699. Calculate f(-32).
-101
Let c(n) = 12*n**2 - 100*n + 19. Determine c(8).
-13
Let b(r) = r**3 - 20*r**2 - 136*r + 283. What is b(25)?
8
Let b(y) = -y**3 + 61*y**2 + 66*y - 172. Calculate b(62).
76
Let z(f) = 38*f - 1568. What is z(41)?
-10
Let t(x) = -18*x**3 - 110*x**2 - 2*x - 31. Determine t(-6).
-91
Let y(m) = 3*m**2 + 90*m + 12. What is y(-31)?
105
Let w(i) = -55*i + 15458. Give w(281).
3
Let f(c) = -59*c - 871. What is f(-15)?
14
Let h(t) = -t**3 + 131*t**2 - 274*t + 2083. What is h(129)?
19
Let g(h) = -h**2 + 47*h - 507. What is g(26)?
39
Let a(o) = 107*o**3 + 2*o**2 - 6*o + 6. Determine a(1).
109
Let f(z) = z**3 - 11*z**2 - 137*z + 1482. What is f(10)?
12
Let p(f) = 1084*f + 30353. What is p(-28)?
1
Let f(l) = -668*l + 15. Give f(0).
15
Let b(j) = j**2 - 51*j - 3. What is b(5)?
-233
Let l(k) = 3*k**2 + 24*k - 1. Give l(-10).
59
Let p(u) = -5*u**2 + 272*u - 2311. What is p(9)?
-268
Let j(m) = 34*m + 72. Determine j(-15).
-438
Let c(f) = 979*f + 42102. Determine c(-43).
5
Let b(h) = 14*h - 269. Calculate b(14).
-73
Let h(m) = -27*m - 1534. Determine h(-55).
-49
Let i(h) = 80*h - 20239. Calculate i(253).
1
Let s(y) = -48*y + 461. Calculate s(12).
-115
Let m(t) = 2*t**3 - 14*t**2 - 9*t - 6. Give m(-4).
-322
Let r(h) = h**3 - h**2 + 16*h - 63. Calculate r(3).
3
Let o(a) = -a**2 + 25*a + 139. What is o(-4)?
23
Let t(z) = -22*z - 15. Determine t(0).
-15
Let n(q) = 23*q**2 - 111*q - 10. What is n(5)?
10
Let x(v) = -v**3 + 57*v**2 + 54*v + 225. Give x(58).
-7
Let f(w) = 169*w - 5042. Determine f(30).
28
Let f(o) = -2199*o + 17. Determine f(0).
17
Let s(q) = q**2 + 905*q + 15972. Determine s(-18).
6
Let x(b) = 4*b**2 + 205*b + 120. What is x(-50)?
-130
Let a(t) = -12*t**2 - 10*t - 41. Give a(-3).
-119
Let h(j) = -8*j**2 - 29*j - 74. Calculate h(-3).
-59
Let f(g) = 3*g**2 + 89*g - 1840. Determine f(14).
-6
Let u(i) = i**3 + 13*i**2 + 12*i - 219. Give u(-7).
-9
Let f(g) = -421*g - 4260. Determine f(-11).
371
Let j(m) = -m**2 - 14*m - 54. What is j(-7)?
-5
Let g(l) = -3*l**2 - 1297*l + 7890. What is g(6)?
0
Let f(d) = -d**3 + d**2 + 41*d - 127. Give f(4).
-11
Let a(m) = -19*m + 176. Calculate a(8).
24
Let s(y) = y**3 + 2*y**2 + 18*y + 39. Give s(-5).
-126
Let r(j) = 6384*j + 102114. What is r(-16)?
-30
Let z(v) = -v**3 + 38*v**2 - 72*v + 73. Calculate z(36).
73
Let g(d) = -172*d - 530. What is g(-3)?
-14
Let d(r) = -r**2 - 2*r + 21. Determine d(-6).
-3
Let t(b) = -302*b - 2030. Determine t(-7).
84
Let l(z) = -30*z + 373. Determine l(19).
-197
Let n(p) = 3*p**3 - 218*p**2 + 135*p + 643. What is n(72)?
-5
Let k(s) = 229*s + 12844. What is k(-56)?
20
Let i(q) = q**3 - 71*q**2 + 130*q + 13. Calculate i(2).
-3
Let j(i) = i**2 + 63*i - 2393. Determine j(30).
397
Let b(d) = -d**3 - 23*d**2 - 34*d - 62. Give b(-22).
202
Let d(h) = 7*h**3 - 4*h**2 - 17*h - 19. Determine d(-3).
-193
Let g(p) = 4*p - 19. Determine g(5).
1
Let h(z) = 4*z**2 + 12*z - 86. Give h(11).
530
Let w(d) = -2*d**3 + 191*d**2 + 50*d + 4408. Give w(96).
-8
Let b(t) = t**3 - 42*t**2 + 2*t - 87. Calculate b(42).
-3
Let b(i) = -23*i**2 + 1. Determine b(-1).
-22
Let s(c) = -c**3 - 16*c**2 + 69*c + 608. Determine s(-18).
14
Let l(o) = -290*o + 3188. Give l(11).
-2
Let n(s) = -s**2 - 19*s - 20. Give n(-12).
64
Let s(m) = 3*m**2 + 83*m - 241. Determine s(-31).
69
Let h(c) = -c**2 - 3*c - 25. Give h(4).
-53
Let b(s) = -3*s**2 - 27*s - 272. Determine b(-6).
-218
Let g(x) = -x**3 - 61*x**2 - 171*x + 129. Give g(-58).
-45
Let t(w) = w**2 + 106*w + 1422. Calculate t(-90).
-18
Let i(r) = -1844*r + 22112. Give i(12).
-16
Let u(r) = -127*r - 485. What is u(-4)?
23
Let t(l) = -19*l**2 + l. Calculate t(-1).
-20
Let a(k) = -2*k**2 - 190*k + 7496. What is a(30)?
-4
Let j(h) = -8*h**3 - 23*h**2 - 71*h - 210. What is j(-3)?
12
Let i(b) = -7*b**3 + 48*b**2 + 3*b + 9. Give i(7).
-19
Let n(z) = z**2 - 265*z + 7840. What is n(34)?
-14
Let l(v) = -6*v**2 + 32*v + 63. What is l(7)?
-7
Let s(r) = -2*r**3 + 20*r**2 + 24*r - 58. Determine s(9).
320
Let u(b) = 73*b**2 + 332*b + 149. Calculate u(-4).
-11
Let h(v) = -v**3 - 59*v**2 + 186*v + 36. Calculate h(-62).
36
Let r(t) = t**3 + 24*t**2 + 96*t + 17. What is r(-18)?
233
Let r(t) = 3*t**2 - 254*t + 4805. What is r(29)?
-38
Let j(k) = k**2 - 42*k + 259. Determine j(33).
-38
Let f(y) = 460*y - 2783. Determine f(6).
-23
Let m(v) = -v**3 - 5*v**2 - 175*v - 1584. Give m(-9).
315
Let w(d) = 125*d**2 - 4251*d + 14. Determine w(34).
-20
Let n(h) = -986*h - 11588. Calculate n(-12).
244
Let h(c) = 218*c + 1520. Give h(-7).
-6
Let y(r) = 2*r**3 - 7*r**2 - 11*r - 4. Determine y(0).
-4
Let o(m) = 8*m**2 - 111*m + 97. Determine o(13).
6
Let c(w) = w**2 - 51*w - 230. Give c(60).
310
Let l(y) = 47*y + 218. Calculate l(-5).
-17
Let q(n) = 19*n**2 - 81*n + 3. What is q(2)?
-83
Let l(p) = p**2 + 51*p - 1712. Give l(23).
-10
Let g(q) = q**3 + 83*q**2 + 1308*q + 369. Calculate g(-62).
-3
Let l(i) = 3*i**2 - 329*i + 1300. Give l(106).
134
Let g(w) = -72*w + 137. What is g(0)?
137
Let w(v) = v**2 + 34*v + 44. Give w(-8).
-164
Let m(y) = -45*y**2 + 522*y + 25. What is m(11)?
322
Let q(y) = 123*y - 235. Give q(0).
-235
Let i(b) = -b**3 + 11*b**2 + 5*b - 46. Determine i(11).
9
Let o(c) = 8*c**2 + 53*c - 16. What is o(-7)?
5
Let k(w) = 53*w + 16. Calculate k(-1).
-37
Let p(c) = 28*c**2 + 54*c + 22. What is p(-6)?
706
Let d(n) = -n**3 + 24*n**2 - 3*n - 331. What is d(23)?
129
Let r(i) = 10*i**2 - 53*i - 41. Give r(13).
960
Let r(o) = o**2 - 118*o + 2127. What is r(22)?
15
Let u(n) = 140*n**3 + 2*n**2 - 2*n + 1. Calculate u(1).
141
Let r(c) = 33*c + 1294. Give r(-39).
7
Let x(l) = -l**2 + 40*l + 123. What is x(38)?
199
Let w(i) = -69*i - 1103. What is w(-16)?
1
Let z(u) = -u**2